 + 85057. Determine u(-28).
-35
Let d(v) = 2083*v**2 + 41658*v - 41. Determine d(-20).
-1
Let d(l) = 18325*l**2 + 256556*l + 1. Determine d(-14).
-83
Let g(u) = -320*u**2 + 5800*u - 909. Calculate g(18).
-189
Let a(u) = -521609*u + 2086438. Calculate a(4).
2
Let g(h) = -h**3 + 90*h**2 - 1809*h + 134668. Calculate g(87).
-8
Let x(w) = 2*w**2 + 197*w + 4305. Determine x(-32).
49
Let u(j) = j**2 - 69*j + 121. What is u(2)?
-13
Let i(h) = 16*h**2 + 889*h - 10969. Give i(-66).
53
Let m(v) = -v**2 - 130*v - 5049. Calculate m(-47).
-1148
Let d(j) = j**2 + 1637*j - 55059. Give d(33).
51
Let m(n) = -147*n**2 + 983*n - 633. Give m(6).
-27
Let x(z) = -z**2 + 1393*z + 11282. What is x(-8)?
74
Let g(h) = -h**3 + 5*h**2 + 731*h - 7496. Give g(11).
-181
Let f(v) = -134*v**3 + 63*v - 154. Calculate f(3).
-3583
Let f(r) = 173*r - 3645. Give f(16).
-877
Let i(z) = -36*z**2 + 298*z - 39. Determine i(5).
551
Let u(s) = s**3 - 128*s**2 + 1887*s - 82. Calculate u(111).
-82
Let r(c) = c**3 - 24*c**2 + 51*c + 121. What is r(21)?
-131
Let s(d) = -8*d**3 + 12*d**2 - 227*d - 2158. What is s(-7)?
2763
Let r(l) = 27*l**2 + 43*l + 12. Give r(0).
12
Let w(d) = -27121*d - 39759379. Calculate w(-1466).
7
Let u(x) = -4*x**3 + 43*x**2 - 95*x + 771. Calculate u(10).
121
Let o(m) = -m**2 - 182*m + 15915. Determine o(65).
-140
Let d(f) = -45*f**2 - 960*f - 4786. Determine d(-8).
14
Let h(q) = -46894*q + 46806. What is h(1)?
-88
Let c(q) = 4*q**3 + 2*q**2 + 23*q - 421. What is c(7)?
1210
Let o(j) = 3*j**3 - 439*j**2 + 3388*j + 8563. What is o(138)?
7
Let z(x) = -12*x**2 - 203*x + 59. Determine z(-25).
-2366
Let y(c) = 16*c**3 + 33*c**2 + 5940*c + 11883. Calculate y(-2).
7
Let q(u) = 2196*u + 91995. Determine q(-42).
-237
Let o(f) = 119824*f - 838785. What is o(7)?
-17
Let o(d) = -202*d**2 - 1387*d + 184. Give o(-7).
-5
Let q(f) = -f**3 - 2*f**2 + 214*f + 1388. What is q(-10)?
48
Let w(p) = 441*p + 40062. What is w(-91)?
-69
Let i(l) = -34*l**3 - 142*l**2 + 3*l + 23. What is i(-4)?
-85
Let i(o) = -2*o**3 - 63*o**2 + 229*o - 483. Determine i(-35).
77
Let r(w) = w**3 - 17*w**2 - 19774*w + 375044. What is r(19)?
60
Let s(d) = 970129*d + 7761021. Determine s(-8).
-11
Let g(f) = f**3 + 171*f**2 + 4213*f - 2390. What is g(-141)?
7
Let t(r) = -3645*r - 958540. Give t(-263).
95
Let r(l) = 49*l**3 + 6*l**2 + 42*l - 131. What is r(3)?
1372
Let v(t) = -1900*t**2 + 661201*t - 381. What is v(348)?
-33
Let m(k) = 4*k**2 + 641*k - 18274. What is m(-185)?
41
Let r(p) = -124733*p + 374195. Calculate r(3).
-4
Let l(z) = 3433*z - 14030. What is l(4)?
-298
Let q(i) = 4*i**3 + 57*i**2 + 153*i + 74. What is q(-2)?
-36
Let d(u) = -79*u - 11622. What is d(-147)?
-9
Let b(l) = l**2 + 4761*l + 346774. Determine b(-74).
-64
Let r(s) = -551*s - 21489. Determine r(-39).
0
Let b(f) = -440*f**2 + 614*f + 1228. Determine b(-2).
-1760
Let s(l) = -l**3 - 9*l**2 - 191*l - 1325. Give s(-8).
139
Let f(u) = -80*u**2 + 2728*u - 2936. Give f(33).
-32
Let k(u) = 2*u**2 - 560*u + 9445. Calculate k(18).
13
Let f(u) = 1155*u + 679156. Give f(-588).
16
Let s(d) = d**3 + 14*d**2 - 24*d + 613. Give s(-17).
154
Let c(n) = -46126*n + 46089. Determine c(1).
-37
Let n(z) = -739*z - 15342. Determine n(-17).
-2779
Let i(v) = 109*v**2 + 794*v - 626. Determine i(-8).
-2
Let j(d) = -8654*d + 3998150. Give j(462).
2
Let a(t) = -2*t**3 - 12*t**2 - 23*t - 52. Calculate a(9).
-2689
Let g(m) = 2884194*m - 40378718. Determine g(14).
-2
Let i(y) = y**3 - 130*y**2 - 1359*y - 5759. Determine i(140).
-19
Let u(l) = l**2 - 339*l - 129327. Give u(-228).
-51
Let q(x) = 17781*x - 426589. Determine q(24).
155
Let w(l) = 90*l + 1164. Calculate w(-19).
-546
Let y(j) = -j**2 + 1010*j - 254951. Calculate y(495).
-26
Let v(d) = -40*d**2 - 112*d + 711. Determine v(6).
-1401
Let l(i) = i**3 - 6*i**2 - 237*i - 23. Give l(19).
167
Let p(z) = -427*z**2 + 3391*z - 3. Determine p(8).
-203
Let h(u) = -u**3 + 79*u**2 + 75*u + 1928. Calculate h(80).
1528
Let w(p) = p**3 + 5*p**2 - 32*p - 18. Calculate w(9).
828
Let p(t) = -t**3 - 674*t**2 - 51074*t - 2930. Calculate p(-587).
5
Let w(d) = 4*d**3 + 215*d**2 - 301*d + 98. Give w(-55).
1528
Let l(k) = 3322*k + 57022. Give l(-18).
-2774
Let r(t) = 12*t**2 - 1082*t + 9817. Determine r(80).
57
Let c(r) = -77*r - 1827. Give c(-49).
1946
Let z(p) = 3143*p + 386598. Give z(-123).
9
Let v(k) = -k**2 - 4881*k + 107794. Calculate v(22).
-72
Let k(x) = 5*x**3 - 61*x**2 - 65*x - 28. Determine k(15).
2147
Let p(l) = -l**3 + 45*l**2 - 285*l + 335. What is p(38)?
-387
Let b(o) = -2*o**3 + 399*o**2 - 18021*o - 16046. What is b(71)?
0
Let z(o) = -4*o**3 - 319*o**2 - 538*o + 589. Give z(-78).
-35
Let p(x) = -10*x**2 - 372*x + 753. Give p(2).
-31
Let r(v) = -797083*v + 4. What is r(0)?
4
Let f(l) = 186*l**2 - 42*l + 44. Give f(1).
188
Let r(z) = 8*z**2 + 1940*z - 10857. What is r(-248)?
55
Let o(t) = 56110*t + 2637196. What is o(-47)?
26
Let a(j) = -49*j - 2041. What is a(-23)?
-914
Let q(r) = 15*r**2 - 7246*r - 21367. Give q(486).
17
Let g(f) = 4*f**3 - 20*f**2 - 290*f - 25. What is g(-7)?
-347
Let m(y) = -30*y**2 + 643*y + 680. What is m(21)?
953
Let c(v) = -416*v**2 + 351935*v + 828. Give c(846).
-18
Let v(b) = 7*b**2 + 4488*b - 13477. Calculate v(3).
50
Let h(o) = -o**2 - 20384*o + 551099. Give h(27).
2
Let n(z) = z**3 + 46*z**2 - 782*z - 41090. Determine n(-37).
165
Let l(z) = 31*z**2 - 1036*z + 7407. Give l(23).
-22
Let o(s) = s**2 + 51*s - 1503. Determine o(29).
817
Let w(h) = -3*h**2 - 5288*h - 399095. Determine w(-79).
-66
Let i(r) = 302*r - 4684. Determine i(17).
450
Let p(u) = 8276*u + 24901. What is p(-3)?
73
Let i(y) = -109927*y - 329766. Give i(-3).
15
Let c(l) = -20*l**2 + 440*l + 5600. What is c(-9)?
20
Let p(c) = 7335492*c + 44012947. Determine p(-6).
-5
Let m(n) = -66*n**3 + 189*n**2 + 373*n + 4. Calculate m(-2).
542
Let g(n) = n**2 - 4*n - 723. Give g(-34).
569
Let g(f) = -2929*f**2 - 2913*f + 6. Determine g(-1).
-10
Let i(w) = 10745*w + 1267844. Determine i(-118).
-66
Let n(w) = w**3 - 55*w**2 + 133*w + 1822. Determine n(52).
626
Let x(i) = -i**3 - 287*i**2 + 294*i + 981. Calculate x(-288).
-747
Let r(z) = -191*z**2 + 789*z - 1565. Give r(2).
-751
Let w(c) = -37709*c - 1395243. What is w(-37)?
-10
Let a(k) = 11*k**2 + 22175*k - 267730. What is a(12)?
-46
Let q(l) = -8593*l + 171874. Calculate q(20).
14
Let l(z) = 3917*z**2 - 360366*z + 189. Calculate l(92).
5
Let u(o) = o**3 - 52*o**2 + 735*o - 2327. Calculate u(21).
-563
Let y(m) = -m**3 + 140*m**2 + 424*m + 703. Give y(143).
-12
Let y(t) = -2470*t - 98730. Give y(-40).
70
Let b(c) = 40*c - 1395. What is b(46)?
445
Let m(l) = -l**3 + 37*l**2 + 673*l - 6817. Calculate m(48).
143
Let x(r) = r**3 - 9*r**2 - 2255*r + 35507. Determine x(17).
-516
Let k(n) = 245302*n + 490375. Determine k(-2).
-229
Let h(o) = -o**2 + 105*o + 1376. Give h(-12).
-28
Let a(c) = -2*c**3 + 19*c**2 - 29*c - 2441. Calculate a(-8).
31
Let h(s) = -13*s**3 - 105*s**2 - 227*s - 1738. Give h(-8).
14
Let u(n) = -187*n**2 - 36588*n + 12547. Give u(-196).
3
Let c(b) = -2*b**3 - 39*b**2 - 65*b + 717. Calculate c(-16).
-35
Let u(v) = -v**3 - 296*v**2 - 6*v - 1782. Give u(-296).
-6
Let f(o) = o**3 - 13*o**2 + 43*o - 909. What is f(12)?
-537
Let l(s) = -456*s**2 - 188336*s - 3274. Give l(-413).
30
Let z(c) = c**3 + 25*c**2 + 1057*c + 26429. Calculate z(-25).
4
Let v(r) = 756*r + 18782. Give v(-25).
-118
Let b(t) = 2*t**3 + 363*t**2 + 181*t + 414. Calculate b(-181).
414
Let c(k) = 46087*k + 368717. Calculate c(-8).
21
Let p(n) = -473*n - 5179. Give p(-11).
24
Let h(k) = 2*k**3 - 79*k**2 - 421*k + 1142. Give h(44).
42
Let h(g) = g**3 - 27*g**2 + 35*g + 1646. Determine h(22).
-4
Let b(a) = -1461*a + 260060. Calculate b(178).
2
Let q(c) = -c**3 - 97*c**2 - 238*c + 4138. What is q(-94)?
2
Let d(g) = g**3 + 14*g**2 + 288*g + 2451. What is d(-10)?
-29
Let j(h) = -h**3 + 3*h**2 - 370*h - 2812. Determine j(-8).
852
Let z(g) = 1050*g**2 - 13649*g - 7. What is z(13)?
6
Let h(s) = -4*s**3 + 701*s**2 - 2926*s + 3259. What is h(171)?
10
Let n(m) = -61*m**3 - 9*m**2 + 12*m + 15. Give n(-1).
55
Let d(v) = -v**2 + 22455*v - 224449. Give d(10).
1
Let j(k) = -435*k**2 + 15226*k - 43. Give j(35).
-8
Let v(k) = -31396*k - 313964. What is v(-10)?
-4
Let l(m) = 5506*m - 164970. Determine l(30).
210
Let g(b) = -242*b + 159491. 